{"id":312069,"date":"2026-09-03T11:45:58","date_gmt":"2026-09-03T09:45:58","guid":{"rendered":"https:\/\/zoca.es\/producto\/dell-precision-5550-bateria-nueva-156-reconditionne-core-i7-27ghz-16-gb-ram-512-gb-ssd-m2-1920x1200-fr-15558\/"},"modified":"2026-09-03T11:46:28","modified_gmt":"2026-09-03T09:46:28","slug":"dell-precision-5550-bateria-nueva-156-reconditionne-core-i7-27ghz-16-gb-ram-512-gb-ssd-m2-1920x1200-fr-15558","status":"publish","type":"product","link":"https:\/\/zoca.es\/fr\/produit\/dell-precision-5550-bateria-nueva-156-reconditionne-core-i7-27ghz-16-gb-ram-512-gb-ssd-m2-1920x1200-fr-15558\/","title":{"rendered":"Dell Precision 5550-Bater\u00eda Nueva 15.6\u00a0\u00bb | Reconditionn\u00e9 | Core i7 2.7GHz | 16 GB RAM | 512 GB SSD M2 1920&#215;1200"},"content":{"rendered":"<p><strong>Processeur<\/strong><br \/>Intel Core i7 10850H 2.7 GHz.<br \/><strong>M\u00e9moire RAM<\/strong><br \/>16 Gb. SO-DDR4 RAM<br \/><strong>Disque dur<\/strong><br \/>512 Gb. SSD M2<br \/><strong>Cartes<\/strong><br \/>Graphique: nVidia Quadro T2000 4Gb. GDDR5 \/ Inyrl UHD Graphics<br \/>Son: Realtek Audio<br \/><strong>Syst\u00e8me op\u00e9ratif<\/strong><br \/>Windows 11 Pro<br \/><strong>Ports<\/strong><br \/>2x Thunderbolt<br \/>USB-C<br \/><strong>\u00c9cran<\/strong><br \/>IPS 15.6 \u00a0\u00bb FullHD 16:9 \u00b7 R\u00e9solution 1920&#215;1200<br \/><strong>Multim\u00e9dias<\/strong><br \/>Webcam<br \/>Lecteur SD<br \/><strong>Connectivit\u00e9<\/strong><br \/>WIFI<br \/>Bluetooth<br \/><strong>Notebook sp\u00e9cifique<\/strong><br \/>Batterie Nouvelle<br \/>Langue du clavier International (autocollants espagnols)<br \/><strong>Autres<\/strong><br \/>hR emballage<br \/><strong>Dimensions<\/strong><br \/>34x23x2 cm.<br \/><strong>Poids<\/strong><br \/>1.80 Kg.<br \/><strong>Sp\u00e9cifications suppl\u00e9mentaires<\/strong><br \/>Le Dell Precision 5550 est un ordinateur portable professionnel de 15.6 \u00a0\u00bb destin\u00e9 aux utilisateurs qui recherchent une configuration puissante pour le travail technique, les applications professionnelles, la cr\u00e9ation de contenu et le multit\u00e2che exigeant. Il int\u00e8gre un processeur Intel Core i7 10850H \u00e0 2.7 GHz., accompagn\u00e9 de 16 Gb. SO-DDR4 RAM pour travailler avec plusieurs applications ouvertes et des projets n\u00e9cessitant une capacit\u00e9 de traitement plus importante. Son stockage de 512 Gb. SSD M2 permet un d\u00e9marrage rapide de Windows 11 Pro et offre de l\u2019espace pour les programmes, la documentation et les fichiers de travail. L\u2019\u00e9cran IPS de 15.6 \u00a0\u00bb FullHD 16:9 avec r\u00e9solution 1920&#215;1200 offre une surface large et nette pour travailler avec des applications professionnelles, des contenus graphiques et des t\u00e2ches de productivit\u00e9. L\u2019un de ses principaux atouts est la carte graphique d\u00e9di\u00e9e nVidia Quadro T2000 4Gb. GDDR5, con\u00e7ue pour les environnements o\u00f9 les performances graphiques jouent un r\u00f4le important. Il int\u00e8gre \u00e9galement Webcam pour les r\u00e9unions et les communications en ligne ainsi qu\u2019un lecteur SD pour travailler facilement avec des cartes compatibles. Il dispose \u00e9galement d\u2019une Batterie Neuve et de 1xM.2 2280 pour stockage disponible, permettant d\u2019augmenter sa capacit\u00e9 si davantage d\u2019espace est n\u00e9cessaire. Une configuration particuli\u00e8rement int\u00e9ressante pour les utilisateurs qui recherchent un processeur Intel Core i7, une carte graphique nVidia Quadro, un SSD M2 et un \u00e9cran haute r\u00e9solution dans un \u00e9quipement professionnel.Bon aspect ext\u00e9rieur. Si vous avez des questions, appelez-nous ou utilisez notre chat pour obtenir plus d\u2019informations ou demander davantage de d\u00e9tails.<br \/><strong>Commentaires<\/strong><br \/><u>nVidia Quadro T2000 4Gb. GDDR5 &#8211; Nouvelle Batterie &#8211; 1x M.2 2280 disponible pour le stockage &#8211; Clavier international avec autocollants en fran\u00e7ais<\/u><\/p>\n","protected":false},"excerpt":{"rendered":"<p>Intel Core i7 10850H 2.7 GHz. \u00b7 16 Gb. SO-DDR4 RAM \u00b7 512 Gb. SSD M2 \u00b7 <strong>Windows 11 Pro<\/strong> \u00b7 IPS 15.6 \u00a0\u00bb FullHD 16:9 \u00b7 Webcam \u00b7 <strong>nVidia Quadro T2000 4Gb. GDDR5 &#8211; Nouvelle Batterie<\/strong> &#8211; <u>1x M.2 2280 disponible pour le stockage &#8211; Clavier international avec autocollants en fran\u00e7ais<\/u><\/p>\n","protected":false},"featured_media":312070,"template":"","meta":[],"product_brand":[],"product_cat":[2254,3121,2260],"product_tag":[],"class_list":["post-312069","product","type-product","status-publish","has-post-thumbnail","product_cat-notebooks-fr","product_cat-notebooks-notebooks-fr","product_cat-notebooks-workstations-fr","first","instock","taxable","shipping-taxable","purchasable","product-type-simple"],"bundled_by":[],"bundle_stock_status":"instock","bundle_stock_quantity":1,"bundle_virtual":false,"bundle_layout":"","bundle_add_to_cart_form_location":"","bundle_editable_in_cart":false,"bundle_sold_individually_context":"","bundle_item_grouping":"","bundle_min_size":"","bundle_max_size":"","bundle_price":[],"bundled_items":[],"bundle_sell_ids":[],"exclude_global_add_ons":true,"addons":{"keyboard-iso-upgrades":{"name":"Choisir langue du clavier","type":"multiple_choice","position":0,"required":false,"title_format":"heading","default":"","description_enable":false,"description":"","placeholder_enable":false,"placeholder":"","display":"radiobutton","restrictions_type":"any_text","adjust_price":false,"price":"","price_type":"quantity_based","restrictions":false,"min":"0","max":"0","options":[{"label":"Autocollants espagnols [AMP00082]","price":"0.0000","price_type":"quantity_based","image":0,"visibility":true},{"label":"Autocollants fran\u00e7ais [AMP00084]","price":"0.0000","price_type":"quantity_based","image":0,"visibility":true},{"label":"Autocollants portugais [AMP00083]","price":"0.0000","price_type":"quantity_based","image":0,"visibility":true}]},"ram-memory-upgrades":{"name":"Extension RAM","type":"multiple_choice","position":0,"required":false,"title_format":"heading","default":"","description_enable":false,"description":"","placeholder_enable":false,"placeholder":"","display":"radiobutton","restrictions_type":"any_text","adjust_price":false,"price":"","price_type":"quantity_based","restrictions":false,"min":"0","max":"0","options":[{"label":"Extension de 32 Gb de RAM SODIMM [AMP00098]","price":"150.0000","price_type":"quantity_based","image":0,"visibility":true}]},"hdd-upgrades":{"name":"Extension disque dur","type":"multiple_choice","position":0,"required":false,"title_format":"heading","default":"","description_enable":false,"description":"","placeholder_enable":false,"placeholder":"","display":"radiobutton","restrictions_type":"any_text","adjust_price":false,"price":"","price_type":"quantity_based","restrictions":false,"min":"0","max":"0","options":[{"label":"Passez au disque SSD 1 Tb. M.2 2280 PCIe [AMP00107]","price":"150.0000","price_type":"quantity_based","image":0,"visibility":true},{"label":"SSD suppl\u00e9mentaire 500 Gb. M.2 2280 PCIe [AMP00108]","price":"115.0000","price_type":"quantity_based","image":0,"visibility":true},{"label":"Disque SSD de 1 Tb. M.2 2280 PCIe suppl\u00e9mentaire [AMP00109]","price":"155.0000","price_type":"quantity_based","image":0,"visibility":true}]},"os-upgrades":{"name":"Expansion SO","type":"multiple_choice","position":0,"required":false,"title_format":"heading","default":"","description_enable":false,"description":"","placeholder_enable":false,"placeholder":"","display":"radiobutton","restrictions_type":"any_text","adjust_price":false,"price":"","price_type":"quantity_based","restrictions":false,"min":"0","max":"0","options":[{"label":"Changer la langue en fran\u00e7ais [AMP00125]","price":"0.0000","price_type":"quantity_based","image":0,"visibility":true},{"label":"Changer la langue en anglais [AMP00008]","price":"0.0000","price_type":"quantity_based","image":0,"visibility":true},{"label":"Changer la langue en portugais [AMP00009]","price":"0.0000","price_type":"quantity_based","image":0,"visibility":true}]}},"df_price":855.47,"df_sale_price":"","df_regular_price":855.47,"df_image_link":"https:\/\/zoca.es\/wp-content\/uploads\/images\/product\/15558\/dell01828_01-300x225.jpg","_links":{"self":[{"href":"https:\/\/zoca.es\/fr\/wp-json\/wp\/v2\/product\/312069","targetHints":{"allow":["GET"]}}],"collection":[{"href":"https:\/\/zoca.es\/fr\/wp-json\/wp\/v2\/product"}],"about":[{"href":"https:\/\/zoca.es\/fr\/wp-json\/wp\/v2\/types\/product"}],"wp:featuredmedia":[{"embeddable":true,"href":"https:\/\/zoca.es\/fr\/wp-json\/wp\/v2\/media\/312070"}],"wp:attachment":[{"href":"https:\/\/zoca.es\/fr\/wp-json\/wp\/v2\/media?parent=312069"}],"wp:term":[{"taxonomy":"product_brand","embeddable":true,"href":"https:\/\/zoca.es\/fr\/wp-json\/wp\/v2\/product_brand?post=312069"},{"taxonomy":"product_cat","embeddable":true,"href":"https:\/\/zoca.es\/fr\/wp-json\/wp\/v2\/product_cat?post=312069"},{"taxonomy":"product_tag","embeddable":true,"href":"https:\/\/zoca.es\/fr\/wp-json\/wp\/v2\/product_tag?post=312069"}],"curies":[{"name":"wp","href":"https:\/\/api.w.org\/{rel}","templated":true}]}}

Dell Precision 5550-Batería Nueva 15.6 » | Reconditionné | Core i7 2.7GHz | 16 GB RAM | 512 GB SSD M2 1920&#215;1200

<p><strong>Processeur</strong><br />Intel Core i7 10850H 2.7 GHz.<br /><strong>Mémoire RAM</strong><br />16 Gb. SO-DDR4 RAM<br /><strong>Disque dur</strong><br />512 Gb. SSD M2<br /><strong>Cartes</strong><br />Graphique: nVidia Quadro T2000 4Gb. GDDR5 / Inyrl UHD Graphics<br />Son: Realtek Audio<br /><strong>Système opératif</strong><br />Windows 11 Pro<br /><strong>Ports</strong><br />2x Thunderbolt<br />USB-C<br /><strong>Écran</strong><br />IPS 15.6  » FullHD 16:9 · Résolution 1920&#215;1200<br /><strong>Multimédias</strong><br />Webcam<br />Lecteur SD<br /><strong>Connectivité</strong><br />WIFI<br />Bluetooth<br /><strong>Notebook spécifique</strong><br />Batterie Nouvelle<br />Langue du clavier International (autocollants espagnols)<br /><strong>Autres</strong><br />hR emballage<br /><strong>Dimensions</strong><br />34x23x2 cm.<br /><strong>Poids</strong><br />1.80 Kg.<br /><strong>Spécifications supplémentaires</strong><br />Le Dell Precision 5550 est un ordinateur portable professionnel de 15.6  » destiné aux utilisateurs qui recherchent une configuration puissante pour le travail technique, les applications professionnelles, la création de contenu et le multitâche exigeant. Il intègre un processeur Intel Core i7 10850H à 2.7 GHz., accompagné de 16 Gb. SO-DDR4 RAM pour travailler avec plusieurs applications ouvertes et des projets nécessitant une capacité de traitement plus importante. Son stockage de 512 Gb. SSD M2 permet un démarrage rapide de Windows 11 Pro et offre de l’espace pour les programmes, la documentation et les fichiers de travail. L’écran IPS de 15.6  » FullHD 16:9 avec résolution 1920&#215;1200 offre une surface large et nette pour travailler avec des applications professionnelles, des contenus graphiques et des tâches de productivité. L’un de ses principaux atouts est la carte graphique dédiée nVidia Quadro T2000 4Gb. GDDR5, conçue pour les environnements où les performances graphiques jouent un rôle important. Il intègre également Webcam pour les réunions et les communications en ligne ainsi qu’un lecteur SD pour travailler facilement avec des cartes compatibles. Il dispose également d’une Batterie Neuve et de 1xM.2 2280 pour stockage disponible, permettant d’augmenter sa capacité si davantage d’espace est nécessaire. Une configuration particulièrement intéressante pour les utilisateurs qui recherchent un processeur Intel Core i7, une carte graphique nVidia Quadro, un SSD M2 et un écran haute résolution dans un équipement professionnel.Bon aspect extérieur. Si vous avez des questions, appelez-nous ou utilisez notre chat pour obtenir plus d’informations ou demander davantage de détails.<br /><strong>Commentaires</strong><br /><u>nVidia Quadro T2000 4Gb. GDDR5 &#8211; Nouvelle Batterie &#8211; 1x M.2 2280 disponible pour le stockage &#8211; Clavier international avec autocollants en français</u></p>

<p>Intel Core i7 10850H 2.7 GHz. · 16 Gb. SO-DDR4 RAM · 512 Gb. SSD M2 · <strong>Windows 11 Pro</strong> · IPS 15.6  » FullHD 16:9 · Webcam · <strong>nVidia Quadro T2000 4Gb. GDDR5 &#8211; Nouvelle Batterie</strong> &#8211; <u>1x M.2 2280 disponible pour le stockage &#8211; Clavier international avec autocollants en français</u></p>

Autocollants français [AMP00084]

SSD supplémentaire 500 Gb. M.2 2280 PCIe [AMP00108]

Disque SSD de 1 Tb. M.2 2280 PCIe supplémentaire [AMP00109]

Changer la langue en français [AMP00125]
