{"id":232114,"date":"2026-04-29T11:45:59","date_gmt":"2026-04-29T10:45:59","guid":{"rendered":"https:\/\/zoca.es\/producto\/lenovo-thinkpad-l15-gen-2-156-reconditionne-core-i5-26ghz-16-gb-ram-256-gb-ssd-m2-1920x1080-fr-14992\/"},"modified":"2026-04-29T11:46:18","modified_gmt":"2026-04-29T10:46:18","slug":"lenovo-thinkpad-l15-gen-2-156-reconditionne-core-i5-26ghz-16-gb-ram-256-gb-ssd-m2-1920x1080-fr-14992","status":"publish","type":"product","link":"https:\/\/zoca.es\/fr\/produit\/lenovo-thinkpad-l15-gen-2-156-reconditionne-core-i5-26ghz-16-gb-ram-256-gb-ssd-m2-1920x1080-fr-14992\/","title":{"rendered":"Lenovo Thinkpad L15 Gen 2 15.6\u00a0\u00bb | Reconditionn\u00e9 | Core i5 2.6GHz | 16 GB RAM | 256 GB SSD M2 1920&#215;1080"},"content":{"rendered":"<p><strong>Processeur<\/strong><br \/>Intel Core i5 1145G7 2.6 GHz.<br \/><strong>M\u00e9moire RAM<\/strong><br \/>16 Gb. SO-DDR4 RAM<br \/><strong>Disque dur<\/strong><br \/>256 Gb. SSD M2<br \/><strong>Cartes<\/strong><br \/>Graphique: Intel Iris Xe Graphics<br \/>Son: Realtek HD Audio<br \/>R\u00e9seau: Intel Connection L219-LM<br \/><strong>Syst\u00e8me op\u00e9ratif<\/strong><br \/>Windows 11 Pro<br \/><strong>Ports<\/strong><br \/>2x USB-C<br \/>2x USB 3.1<br \/><strong>\u00c9cran<\/strong><br \/>IPS 15.6 \u00a0\u00bb FullHD 16:9 \u00b7 R\u00e9solution 1920&#215;1080<br \/><strong>Ports vid\u00e9o<\/strong><br \/>HDMI<br \/><strong>Multim\u00e9dias<\/strong><br \/>Webcam<br \/>Lecteur SD<br \/>Lecteur d&#8217;empreintes<br \/><strong>Connectivit\u00e9<\/strong><br \/>RJ-45<br \/>WIFI<br \/>Bluetooth<br \/><strong>Notebook sp\u00e9cifique<\/strong><br \/>Langue du clavier Espagnol<br \/>Clavier num\u00e9rique<br \/><strong>Autres<\/strong><br \/>hR emballage<br \/><strong>Dimensions<\/strong><br \/>36.5x25x2.5 cm.<br \/><strong>Poids<\/strong><br \/>1.85 Kg.<br \/><strong>Sp\u00e9cifications suppl\u00e9mentaires<\/strong><br \/>Le Lenovo ThinkPad L15 Gen 2 est un ordinateur portable professionnel de l&rsquo;iconique gamme ThinkPad, con\u00e7u pour r\u00e9pondre aux exigences du travail en entreprise avec la fiabilit\u00e9, la durabilit\u00e9 et la s\u00e9curit\u00e9 qui ont fait de la s\u00e9rie L une r\u00e9f\u00e9rence dans le secteur. Son processeur Intel Core i5-1145G7 \u00e0 2,6 GHz, une puce Tiger Lake de onzi\u00e8me g\u00e9n\u00e9ration \u00e0 quatre c\u0153urs et huit threads, offre des performances efficaces et constantes pour les t\u00e2ches de productivit\u00e9 avanc\u00e9e, la gestion d&rsquo;entreprise, les communications et le multit\u00e2che professionnel quotidien. L&rsquo;appareil int\u00e8gre le TPM 2.0, le module de s\u00e9curit\u00e9 mat\u00e9rielle indispensable dans les environnements d&rsquo;entreprise modernes qui permet le chiffrement des donn\u00e9es, l&rsquo;authentification s\u00e9curis\u00e9e et le respect des normes de s\u00e9curit\u00e9 requises par Windows 11 Pro. Les 16 Go de RAM SO-DDR4 assurent une gestion fluide et sans interruption de plusieurs applications et outils de travail simultan\u00e9s. Le stockage est assur\u00e9 par un SSD M.2 de 256 Go haute vitesse qui garantit des d\u00e9marrages en quelques secondes et une r\u00e9activit\u00e9 optimale dans toutes les op\u00e9rations habituelles. L&rsquo;\u00e9cran IPS de 15,6 pouces avec une r\u00e9solution FullHD 1920&#215;1080 et un rapport d&rsquo;aspect 16:9 offre une reproduction des couleurs pr\u00e9cise et de larges angles de vision, id\u00e9ale pour des journ\u00e9es de travail intenses. Le syst\u00e8me est \u00e9quip\u00e9 d&rsquo;une webcam int\u00e9gr\u00e9e pour les visioconf\u00e9rences et r\u00e9unions \u00e0 distance, d&rsquo;un lecteur de cartes SD pour la gestion des fichiers et d&rsquo;un lecteur d&#8217;empreintes digitales pour un acc\u00e8s rapide et s\u00e9curis\u00e9 sans mot de passe. Le syst\u00e8me d&rsquo;exploitation install\u00e9 est Windows 11 Pro, pr\u00eat pour les environnements d&rsquo;entreprise, l&rsquo;acc\u00e8s \u00e0 distance et la gestion centralis\u00e9e d\u00e8s le premier d\u00e9marrage. Un ordinateur portable professionnel reconditionn\u00e9 qui allie s\u00e9curit\u00e9, connectivit\u00e9 et performance dans le format le plus reconnaissable du monde des affaires.Bon aspect ext\u00e9rieur. Si vous avez des questions, appelez-nous ou utilisez notre chat pour obtenir plus d&rsquo;informations ou demander des d\u00e9tails suppl\u00e9mentaires.<\/p>\n","protected":false},"excerpt":{"rendered":"<p>Intel Core i5 1145G7 2.6 GHz. \u00b7 16 Gb. SO-DDR4 RAM \u00b7 256 Gb. SSD M2 \u00b7 <strong>Windows 11 Pro<\/strong> \u00b7 IPS 15.6 \u00a0\u00bb FullHD 16:9 \u00b7 Webcam<\/p>\n","protected":false},"featured_media":232115,"template":"","meta":[],"product_brand":[3452],"product_cat":[2254,3121],"product_tag":[],"class_list":{"0":"post-232114","1":"product","2":"type-product","3":"status-publish","4":"has-post-thumbnail","6":"product_brand-lenovo","7":"product_cat-notebooks-fr","8":"product_cat-notebooks-notebooks-fr","10":"first","11":"instock","12":"taxable","13":"shipping-taxable","14":"purchasable","15":"product-type-simple"},"bundled_by":[],"bundle_stock_status":"instock","bundle_stock_quantity":10,"bundle_virtual":false,"bundle_layout":"","bundle_add_to_cart_form_location":"","bundle_editable_in_cart":false,"bundle_sold_individually_context":"","bundle_item_grouping":"","bundle_min_size":"","bundle_max_size":"","bundle_price":[],"bundled_items":[],"bundle_sell_ids":[],"exclude_global_add_ons":true,"addons":{"keyboard-iso-upgrades":{"name":"Choisir langue du clavier","type":"multiple_choice","position":0,"required":false,"title_format":"heading","default":"","description_enable":false,"description":"","placeholder_enable":false,"placeholder":"","display":"radiobutton","restrictions_type":"any_text","adjust_price":false,"price":"","price_type":"quantity_based","restrictions":false,"min":"0","max":"0","options":[{"label":"Autocollants fran\u00e7ais [AMP00084]","price":"0.0000","price_type":"quantity_based","image":0,"visibility":true},{"label":"Autocollants portugais [AMP00083]","price":"0.0000","price_type":"quantity_based","image":0,"visibility":true}]},"ram-memory-upgrades":{"name":"Extension RAM","type":"multiple_choice","position":0,"required":false,"title_format":"heading","default":"","description_enable":false,"description":"","placeholder_enable":false,"placeholder":"","display":"radiobutton","restrictions_type":"any_text","adjust_price":false,"price":"","price_type":"quantity_based","restrictions":false,"min":"0","max":"0","options":[{"label":"Extension de 32 Gb de RAM SODIMM [AMP00098]","price":"150.0000","price_type":"quantity_based","image":0,"visibility":true}]},"hdd-upgrades":{"name":"Extension disque dur","type":"multiple_choice","position":0,"required":false,"title_format":"heading","default":"","description_enable":false,"description":"","placeholder_enable":false,"placeholder":"","display":"radiobutton","restrictions_type":"any_text","adjust_price":false,"price":"","price_type":"quantity_based","restrictions":false,"min":"0","max":"0","options":[{"label":"Passez au disque SSD de 500 Gb. M.2 2280PCIe [AMP00106]","price":"110.0000","price_type":"quantity_based","image":0,"visibility":true},{"label":"Passez au disque SSD 1 Tb. M.2 2280 PCIe [AMP00107]","price":"165.0000","price_type":"quantity_based","image":0,"visibility":true}]},"os-upgrades":{"name":"Expansion SO","type":"multiple_choice","position":0,"required":false,"title_format":"heading","default":"","description_enable":false,"description":"","placeholder_enable":false,"placeholder":"","display":"radiobutton","restrictions_type":"any_text","adjust_price":false,"price":"","price_type":"quantity_based","restrictions":false,"min":"0","max":"0","options":[{"label":"Changer la langue en fran\u00e7ais [AMP00125]","price":"0.0000","price_type":"quantity_based","image":0,"visibility":true},{"label":"Changer la langue en anglais [AMP00008]","price":"0.0000","price_type":"quantity_based","image":0,"visibility":true},{"label":"Changer la langue en portugais [AMP00009]","price":"0.0000","price_type":"quantity_based","image":0,"visibility":true}]},"briefcase-upgrades":{"name":"Porte-documents","type":"multiple_choice","position":0,"required":false,"title_format":"heading","default":"","description_enable":false,"description":"","placeholder_enable":false,"placeholder":"","display":"radiobutton","restrictions_type":"any_text","adjust_price":false,"price":"","price_type":"quantity_based","restrictions":false,"min":"0","max":"0","options":[{"label":"Mallette Notebook [AMP00041]","price":"5.0000","price_type":"quantity_based","image":0,"visibility":true}]}},"df_price":513.04,"df_sale_price":"","df_regular_price":513.04,"df_image_link":"https:\/\/zoca.es\/wp-content\/uploads\/images\/product\/14992\/leno01163_01-300x225.jpg","_links":{"self":[{"href":"https:\/\/zoca.es\/fr\/wp-json\/wp\/v2\/product\/232114","targetHints":{"allow":["GET"]}}],"collection":[{"href":"https:\/\/zoca.es\/fr\/wp-json\/wp\/v2\/product"}],"about":[{"href":"https:\/\/zoca.es\/fr\/wp-json\/wp\/v2\/types\/product"}],"wp:featuredmedia":[{"embeddable":true,"href":"https:\/\/zoca.es\/fr\/wp-json\/wp\/v2\/media\/232115"}],"wp:attachment":[{"href":"https:\/\/zoca.es\/fr\/wp-json\/wp\/v2\/media?parent=232114"}],"wp:term":[{"taxonomy":"product_brand","embeddable":true,"href":"https:\/\/zoca.es\/fr\/wp-json\/wp\/v2\/product_brand?post=232114"},{"taxonomy":"product_cat","embeddable":true,"href":"https:\/\/zoca.es\/fr\/wp-json\/wp\/v2\/product_cat?post=232114"},{"taxonomy":"product_tag","embeddable":true,"href":"https:\/\/zoca.es\/fr\/wp-json\/wp\/v2\/product_tag?post=232114"}],"curies":[{"name":"wp","href":"https:\/\/api.w.org\/{rel}","templated":true}]}}

Lenovo Thinkpad L15 Gen 2 15.6 » | Reconditionné | Core i5 2.6GHz | 16 GB RAM | 256 GB SSD M2 1920&#215;1080

<p><strong>Processeur</strong><br />Intel Core i5 1145G7 2.6 GHz.<br /><strong>Mémoire RAM</strong><br />16 Gb. SO-DDR4 RAM<br /><strong>Disque dur</strong><br />256 Gb. SSD M2<br /><strong>Cartes</strong><br />Graphique: Intel Iris Xe Graphics<br />Son: Realtek HD Audio<br />Réseau: Intel Connection L219-LM<br /><strong>Système opératif</strong><br />Windows 11 Pro<br /><strong>Ports</strong><br />2x USB-C<br />2x USB 3.1<br /><strong>Écran</strong><br />IPS 15.6  » FullHD 16:9 · Résolution 1920&#215;1080<br /><strong>Ports vidéo</strong><br />HDMI<br /><strong>Multimédias</strong><br />Webcam<br />Lecteur SD<br />Lecteur d&#8217;empreintes<br /><strong>Connectivité</strong><br />RJ-45<br />WIFI<br />Bluetooth<br /><strong>Notebook spécifique</strong><br />Langue du clavier Espagnol<br />Clavier numérique<br /><strong>Autres</strong><br />hR emballage<br /><strong>Dimensions</strong><br />36.5x25x2.5 cm.<br /><strong>Poids</strong><br />1.85 Kg.<br /><strong>Spécifications supplémentaires</strong><br />Le Lenovo ThinkPad L15 Gen 2 est un ordinateur portable professionnel de l&rsquo;iconique gamme ThinkPad, conçu pour répondre aux exigences du travail en entreprise avec la fiabilité, la durabilité et la sécurité qui ont fait de la série L une référence dans le secteur. Son processeur Intel Core i5-1145G7 à 2,6 GHz, une puce Tiger Lake de onzième génération à quatre cœurs et huit threads, offre des performances efficaces et constantes pour les tâches de productivité avancée, la gestion d&rsquo;entreprise, les communications et le multitâche professionnel quotidien. L&rsquo;appareil intègre le TPM 2.0, le module de sécurité matérielle indispensable dans les environnements d&rsquo;entreprise modernes qui permet le chiffrement des données, l&rsquo;authentification sécurisée et le respect des normes de sécurité requises par Windows 11 Pro. Les 16 Go de RAM SO-DDR4 assurent une gestion fluide et sans interruption de plusieurs applications et outils de travail simultanés. Le stockage est assuré par un SSD M.2 de 256 Go haute vitesse qui garantit des démarrages en quelques secondes et une réactivité optimale dans toutes les opérations habituelles. L&rsquo;écran IPS de 15,6 pouces avec une résolution FullHD 1920&#215;1080 et un rapport d&rsquo;aspect 16:9 offre une reproduction des couleurs précise et de larges angles de vision, idéale pour des journées de travail intenses. Le système est équipé d&rsquo;une webcam intégrée pour les visioconférences et réunions à distance, d&rsquo;un lecteur de cartes SD pour la gestion des fichiers et d&rsquo;un lecteur d&#8217;empreintes digitales pour un accès rapide et sécurisé sans mot de passe. Le système d&rsquo;exploitation installé est Windows 11 Pro, prêt pour les environnements d&rsquo;entreprise, l&rsquo;accès à distance et la gestion centralisée dès le premier démarrage. Un ordinateur portable professionnel reconditionné qui allie sécurité, connectivité et performance dans le format le plus reconnaissable du monde des affaires.Bon aspect extérieur. Si vous avez des questions, appelez-nous ou utilisez notre chat pour obtenir plus d&rsquo;informations ou demander des détails supplémentaires.</p>

Autocollants français [AMP00084]

Changer la langue en français [AMP00125]
