{"id":132965,"date":"2025-05-14T10:28:06","date_gmt":"2025-05-14T09:28:06","guid":{"rendered":"https:\/\/zoca.es\/producto\/apple-macbook-pro-162-impecable-133-reconditionne-core-i5-2ghz-32-gb-ram-500-gb-ssd-m2-2560x1600-fr-13382\/"},"modified":"2026-03-30T11:00:05","modified_gmt":"2026-03-30T10:00:05","slug":"apple-macbook-pro-162-impecable-133-reconditionne-core-i5-2ghz-32-gb-ram-500-gb-ssd-m2-2560x1600-fr-13382","status":"publish","type":"product","link":"https:\/\/zoca.es\/fr\/produit\/apple-macbook-pro-162-impecable-133-reconditionne-core-i5-2ghz-32-gb-ram-500-gb-ssd-m2-2560x1600-fr-13382\/","title":{"rendered":"Apple MacBook Pro 16,2 13.3\u00a0\u00bb | Reconditionn\u00e9 | Core i5 2GHz | 32 GB RAM | 500 GB SSD M2 2560&#215;1600"},"content":{"rendered":"<p><strong>Processeur<\/strong><br \/>Intel Core i5 1038NG7 2 GHz.<br \/><strong>M\u00e9moire RAM<\/strong><br \/>32 Gb. SO-DDR4 RAM<br \/><strong>Disque dur<\/strong><br \/>500 Gb. SSD M2<br \/><strong>Cartes<\/strong><br \/>Graphique: Intel Iris<br \/>Son: HD Audio Dolby Atmos<br \/><strong>Syst\u00e8me op\u00e9ratif<\/strong><br \/>macOS Sequoia<br \/><strong>Ports<\/strong><br \/>4x USB-C<br \/><strong>\u00c9cran<\/strong><br \/>Retina 13.3 \u00a0\u00bb 2K 16:9  \u00b7 R\u00e9solution 2560&#215;1600<br \/><strong>Multim\u00e9dias<\/strong><br \/>Webcam<br \/><strong>Connectivit\u00e9<\/strong><br \/>WIFI<br \/>Bluetooth<br \/><strong>Notebook sp\u00e9cifique<\/strong><br \/>Langue du clavier International (autocollants espagnols)<br \/><strong>Autres<\/strong><br \/>hR emballage<br \/><strong>Dimensions<\/strong><br \/>30.4&#215;21.2&#215;1.6 cm.<br \/><strong>Poids<\/strong><br \/>1.40 Kg.<br \/><strong>Sp\u00e9cifications suppl\u00e9mentaires<\/strong><br \/>Con\u00e7u pour ceux qui recherchent plus qu&rsquo;un simple ordinateur portable, le MacBook Pro 13,3&Prime; mod\u00e8le A2251 (2020) est une d\u00e9claration d&rsquo;intention&nbsp;: des performances professionnelles alli\u00e9es \u00e0 l&rsquo;\u00e9l\u00e9gance. Avec son processeur Intel Core i5 de 10e g\u00e9n\u00e9ration, ses 32&nbsp;Go de RAM et son SSD rapide de 512&nbsp;Go, cet ordinateur r\u00e9pond avec aisance \u00e0 toutes sortes de t\u00e2ches cr\u00e9atives ou techniques. L&rsquo;\u00e9cran Retina 2K (2560&nbsp;x&nbsp;1600) brille non seulement par sa d\u00e9finition, mais transforme \u00e9galement votre fa\u00e7on de voir et de travailler. Ajoutez \u00e0 cela la puissance de la TouchBar, une interface dynamique qui s&rsquo;adapte \u00e0 vos besoins, et le nouveau macOS Sequoia, pr\u00eat \u00e0 exploiter tout le potentiel de l&rsquo;appareil. Avec sa finition Gris Sid\u00e9ral, sobre et sophistiqu\u00e9e, cet ordinateur portable ne passe pas inaper\u00e7u. Puissant, compact et dot\u00e9 de l&rsquo;\u00e2me d&rsquo;un studio mobile&nbsp;: le MacBook Pro A2251 est votre alli\u00e9 id\u00e9al pour toujours avoir une longueur d&rsquo;avance.<br \/>Bon aspect ext\u00e9rieur. Regardez dans \u00ab\u00a0+ Photos\u00a0\u00bb et si vous avez des questions, appelez-nous ou utilisez notre chat pour d\u00e9velopper les informations ou demander plus de d\u00e9tails.<br \/><strong>Commentaires<\/strong><br \/><u>Touchbar &#8211; Mod\u00e8le A2251 (2020) &#8211; Couleur gris de l&rsquo;espace<\/u><\/p>\n","protected":false},"excerpt":{"rendered":"<p>Intel Core i5 1038NG7 2 GHz. \u00b7 32 Gb. SO-DDR4 RAM \u00b7 500 Gb. SSD M2 \u00b7 macOS Sequoia \u00b7 Retina 13.3 \u00a0\u00bb 2K 16:9 \u00b7 R\u00e9solution 2560&#215;1600 \u00b7 Webcam \u00b7<br \/>\n<strong>Touchbar<\/strong> &#8211; <u>Mod\u00e8le A2251 (2020) &#8211; Couleur gris de l&rsquo;espace<br \/>\n<\/u><\/p>\n","protected":false},"featured_media":132949,"template":"","meta":[],"product_brand":[3449],"product_cat":[2254,3121],"product_tag":[3275,3295,3291],"class_list":{"0":"post-132965","1":"product","2":"type-product","3":"status-publish","4":"has-post-thumbnail","6":"product_brand-apple","7":"product_cat-notebooks-fr","8":"product_cat-notebooks-notebooks-fr","9":"product_tag-202509_123septiembre-fr","10":"product_tag-navidad","11":"product_tag-oferta-permanente","13":"first","14":"instock","15":"sale","16":"taxable","17":"shipping-taxable","18":"purchasable","19":"product-type-simple"},"bundled_by":[],"bundle_stock_status":"instock","bundle_stock_quantity":2,"bundle_virtual":false,"bundle_layout":"","bundle_add_to_cart_form_location":"","bundle_editable_in_cart":false,"bundle_sold_individually_context":"","bundle_item_grouping":"","bundle_min_size":"","bundle_max_size":"","bundle_price":[],"bundled_items":[],"bundle_sell_ids":[],"exclude_global_add_ons":true,"addons":{"keyboard-iso-upgrades":{"name":"Choisir langue du clavier","type":"multiple_choice","position":0,"required":false,"title_format":"heading","default":"","description_enable":false,"description":"","placeholder_enable":false,"placeholder":"","display":"radiobutton","restrictions_type":"any_text","adjust_price":false,"price":"","price_type":"quantity_based","restrictions":false,"min":"0","max":"0","options":[{"label":"Autocollants espagnols [AMP00082]","price":"0.0000","price_type":"quantity_based","image":0,"visibility":true},{"label":"Autocollants fran\u00e7ais [AMP00084]","price":"0.0000","price_type":"quantity_based","image":0,"visibility":true},{"label":"Autocollants portugais [AMP00083]","price":"0.0000","price_type":"quantity_based","image":0,"visibility":true}]},"mouse-upgrades":{"name":"Extension souris","type":"multiple_choice","position":0,"required":false,"title_format":"heading","default":"","description_enable":false,"description":"","placeholder_enable":false,"placeholder":"","display":"radiobutton","restrictions_type":"any_text","adjust_price":false,"price":"","price_type":"quantity_based","restrictions":false,"min":"0","max":"0","options":[{"label":"Apple Magic Mouse 2 (A1657) [AMP00060]","price":"60.0000","price_type":"quantity_based","image":0,"visibility":true}]}},"df_price":710.27,"df_sale_price":710.27,"df_regular_price":747.78,"df_image_link":"https:\/\/zoca.es\/wp-content\/uploads\/images\/product\/13382\/appl00600_01-300x225.jpg","_links":{"self":[{"href":"https:\/\/zoca.es\/fr\/wp-json\/wp\/v2\/product\/132965","targetHints":{"allow":["GET"]}}],"collection":[{"href":"https:\/\/zoca.es\/fr\/wp-json\/wp\/v2\/product"}],"about":[{"href":"https:\/\/zoca.es\/fr\/wp-json\/wp\/v2\/types\/product"}],"wp:featuredmedia":[{"embeddable":true,"href":"https:\/\/zoca.es\/fr\/wp-json\/wp\/v2\/media\/132949"}],"wp:attachment":[{"href":"https:\/\/zoca.es\/fr\/wp-json\/wp\/v2\/media?parent=132965"}],"wp:term":[{"taxonomy":"product_brand","embeddable":true,"href":"https:\/\/zoca.es\/fr\/wp-json\/wp\/v2\/product_brand?post=132965"},{"taxonomy":"product_cat","embeddable":true,"href":"https:\/\/zoca.es\/fr\/wp-json\/wp\/v2\/product_cat?post=132965"},{"taxonomy":"product_tag","embeddable":true,"href":"https:\/\/zoca.es\/fr\/wp-json\/wp\/v2\/product_tag?post=132965"}],"curies":[{"name":"wp","href":"https:\/\/api.w.org\/{rel}","templated":true}]}}

Apple MacBook Pro 16,2 13.3 » | Reconditionné | Core i5 2GHz | 32 GB RAM | 500 GB SSD M2 2560&#215;1600

<p><strong>Processeur</strong><br />Intel Core i5 1038NG7 2 GHz.<br /><strong>Mémoire RAM</strong><br />32 Gb. SO-DDR4 RAM<br /><strong>Disque dur</strong><br />500 Gb. SSD M2<br /><strong>Cartes</strong><br />Graphique: Intel Iris<br />Son: HD Audio Dolby Atmos<br /><strong>Système opératif</strong><br />macOS Sequoia<br /><strong>Ports</strong><br />4x USB-C<br /><strong>Écran</strong><br />Retina 13.3  » 2K 16:9  · Résolution 2560&#215;1600<br /><strong>Multimédias</strong><br />Webcam<br /><strong>Connectivité</strong><br />WIFI<br />Bluetooth<br /><strong>Notebook spécifique</strong><br />Langue du clavier International (autocollants espagnols)<br /><strong>Autres</strong><br />hR emballage<br /><strong>Dimensions</strong><br />30.4&#215;21.2&#215;1.6 cm.<br /><strong>Poids</strong><br />1.40 Kg.<br /><strong>Spécifications supplémentaires</strong><br />Conçu pour ceux qui recherchent plus qu&rsquo;un simple ordinateur portable, le MacBook Pro 13,3&Prime; modèle A2251 (2020) est une déclaration d&rsquo;intention&nbsp;: des performances professionnelles alliées à l&rsquo;élégance. Avec son processeur Intel Core i5 de 10e génération, ses 32&nbsp;Go de RAM et son SSD rapide de 512&nbsp;Go, cet ordinateur répond avec aisance à toutes sortes de tâches créatives ou techniques. L&rsquo;écran Retina 2K (2560&nbsp;x&nbsp;1600) brille non seulement par sa définition, mais transforme également votre façon de voir et de travailler. Ajoutez à cela la puissance de la TouchBar, une interface dynamique qui s&rsquo;adapte à vos besoins, et le nouveau macOS Sequoia, prêt à exploiter tout le potentiel de l&rsquo;appareil. Avec sa finition Gris Sidéral, sobre et sophistiquée, cet ordinateur portable ne passe pas inaperçu. Puissant, compact et doté de l&rsquo;âme d&rsquo;un studio mobile&nbsp;: le MacBook Pro A2251 est votre allié idéal pour toujours avoir une longueur d&rsquo;avance.<br />Bon aspect extérieur. Regardez dans « + Photos » et si vous avez des questions, appelez-nous ou utilisez notre chat pour développer les informations ou demander plus de détails.<br /><strong>Commentaires</strong><br /><u>Touchbar &#8211; Modèle A2251 (2020) &#8211; Couleur gris de l&rsquo;espace</u></p>

<p>Intel Core i5 1038NG7 2 GHz. · 32 Gb. SO-DDR4 RAM · 500 Gb. SSD M2 · macOS Sequoia · Retina 13.3  » 2K 16:9 · Résolution 2560&#215;1600 · Webcam ·<br />
<strong>Touchbar</strong> &#8211; <u>Modèle A2251 (2020) &#8211; Couleur gris de l&rsquo;espace<br />
</u></p>

Autocollants français [AMP00084]
